 - f. Let v = o + 9. List the prime factors of v.
2, 7
Let z(i) = 4*i - 15. Let c(m) = 11*m - 45. Let y(t) = -3*c(t) + 8*z(t). Let w be y(11). Suppose 0 = w*r - 17 - 3. List the prime factors of r.
5
Let n(b) = -b**3 - 6*b**2 + 2. Let a be n(-6). Suppose a*r + r = 0. Let w(v) = v + 17. What are the prime factors of w(r)?
17
Let y = 175 - 28. What are the prime factors of y?
3, 7
Let t(z) = 3*z**3 - 2*z**2 + 1. Let f be t(1). Suppose -k + f*j = -6*k + 100, -2*k + 29 = 3*j. What are the prime factors of k/4 - 1/(-2)?
2, 3
Let r(g) = g**3 - 3*g**2 - 5*g + 7. Let t be r(4). Suppose 0 = -j + b + t*b + 59, -3*j = 3*b - 132. List the prime factors of j.
47
Let p(n) = -n**2 - n**2 + 8*n + 4 + n**2 + 7. Let i be p(9). Let u(q) = 2*q**2 + 2*q + 1. What are the prime factors of u(i)?
13
Let w(l) = -10*l - 3. Let h be w(-3). Suppose 4*x = -11 + h. Suppose -x*u = u - 30. List the prime factors of u.
2, 3
Let t = 2 - 0. Let b = 1 - t. List the prime factors of b/(-3) - (-46)/6.
2
Let r(t) = -t**2 + t + 59. List the prime factors of r(0).
59
Let z(g) = -g**3 - 10*g**2 + 9*g + 16. What are the prime factors of z(-11)?
2, 19
Let l be 1/(2/34) + 3. Suppose -4*k = 5*p - 38, 3*k - 2 = 4*p - l. List the prime factors of p.
2, 3
Suppose 6 + 9 = -i. Let x = i - -22. What are the prime factors of x?
7
Suppose 0*p = 3*p - 21. What are the prime factors of p?
7
Suppose 0*v - 5 = v. What are the prime factors of 9 - (-2 - (v + 2))?
2
Let d(y) = -y**3 + 8*y**2 - 3. List the prime factors of d(7).
2, 23
Suppose 0 = -5*t + 20, -t = -3*m - 3*t + 116. What are the prime factors of m?
2, 3
Suppose 2*j + 44 = 2*i + 2*i, -2*i - 6 = j. Let a = j + 30. What are the prime factors of a?
2
Let g be 10/4 + 5/10. Let y = 1 + -4. List the prime factors of (g/4)/(y/(-24)).
2, 3
Suppose -3*j = b + 5, -13 = 2*j + 4*b + 7. Let s be (2 - 1) + -4 + 1. List the prime factors of (s - (-8 + 0)) + j.
2, 3
Let c(i) be the first derivative of i**4/4 - 2*i**3 + 7*i**2/2 + 2*i + 3. List the prime factors of c(5).
2, 3
Suppose 6 = 2*s + 4*a - 0*a, -2 = -4*s + 2*a. What are the prime factors of 4 + -1 - 1/s?
2
Let r = -25 - -16. List the prime factors of (66/r)/(2/(-3)).
11
Let f be ((-4)/(-6))/((-10)/(-75)). Suppose 4*r + 12 = -2*z, -f*r - 29 = -2*z + 4. What are the prime factors of z?
2
Let k(w) = w**2 - 4*w - 7. Let n be k(6). Suppose n*f - 56 = 3*f. What are the prime factors of f?
2, 7
Let m be 12/(-7) + 14/(-49). List the prime factors of (-68)/m - (10 - 7).
31
Suppose 4*i - 3 = -31. Let f(t) = -1 - 5 - 4 - 2*t. What are the prime factors of f(i)?
2
Let z = 6 + -2. Suppose -j + 4*j = -z*x + 37, j + x - 11 = 0. What are the prime factors of j?
7
Suppose 31*g = 26*g + 1215. What are the prime factors of g?
3
Let r(u) = 6*u**3 + 4*u**2 - u - 3. Let t be r(2). Suppose -2*z - 3*b = -71 - 0, 5*b + t = 3*z. What are the prime factors of z?
2, 7
Let k be 10/4 + 5/(-10). What are the prime factors of (21/(-14))/(k/(-28))?
3, 7
Let k = 0 - -3. Suppose 3*c - k = 9. Suppose 12 = a - c*l, 3*a = a + l + 31. What are the prime factors of a?
2
Let w be (0/(-2))/((-10)/5). Suppose w = -0*c + c - 10. List the prime factors of c.
2, 5
Let r be (-2 + -28)/(0 + -2). Suppose 15 = 3*s - r. List the prime factors of s.
2, 5
Let r(x) = 16*x**2 + x + 1. Let l be r(-1). Suppose -f + l = 3*u, -f = -2*u - 2 + 6. Suppose 4*v + 36 = 4*c, u*c - 6 = 2*c - v. List the prime factors of c.
5
Suppose 0 = 5*g - 23 - 237. What are the prime factors of g?
2, 13
Let x(z) = 2*z**2 + 0*z**2 - 6 - 6*z**2 + 6*z**2 + 4*z. List the prime factors of x(4).
2, 3, 7
Suppose -3*d - 5*p - 1 = -328, d - 111 = -p. What are the prime factors of d?
2, 3, 19
Let b be ((-6)/(-3) + -7)*-1. Suppose 0 = 2*c + b + 9. Let s = c - -16. List the prime factors of s.
3
Suppose -3 = -3*m - 24. Let f(b) = -b**2 - 10*b - 4. List the prime factors of f(m).
17
Let l(n) = n**3 - 9*n**2 + 2*n - 3. Let f = 15 - 6. What are the prime factors of l(f)?
3, 5
Let c = -7 + 17. Let q = c - -1. List the prime factors of q.
11
Let b = -34 + 79. What are the prime factors of b?
3, 5
Let n(s) = -s**3 + 4*s**2 + 5*s - 4. Let d be n(5). List the prime factors of d/(-6) - 100/(-12).
3
Let l(y) = y - 11 + 0*y + 5*y + y**2. Suppose 0 = 4*s + s + 40. What are the prime factors of l(s)?
5
Suppose -h = 4*h - 10. Let c be (1 - 2) + (-4)/h. What are the prime factors of -2 + -12*4/c?
2, 7
Suppose -13 + 43 = -5*r. Let g = r + 4. Let a = g + 6. List the prime factors of a.
2
Suppose -4*s = w - 11, 0*s + 6 = 2*s. List the prime factors of (-2 - w)*(-18)/3.
2, 3
Let w(n) = -2*n + 12. Let f be w(-13). Let z = -23 + f. List the prime factors of z.
3, 5
Suppose 0*l + 4*l + 3*c = 119, 0 = -3*c + 3. What are the prime factors of l?
29
Suppose 3*j + 1 = -2*r - 2*j, 0 = -2*r + j - 19. Let o = r - -13. Suppose w + 0 - o = 0. List the prime factors of w.
5
Let w(x) = -14*x + 1. List the prime factors of w(-1).
3, 5
Let w be (-15)/(-10) + (-2)/(-4). Suppose -w*p + 4 = 2*p. What are the prime factors of ((-3)/(-3))/(p/4)?
2
Suppose 5 = 2*t - 7. What are the prime factors of ((-57)/t)/(1/(-2))?
19
List the prime factors of (3 - (-86 + 0))*2/2.
89
Suppose -25 = 2*b - 1. What are the prime factors of 3/6 + b/(-8)?
2
Suppose -15*g + 140 = -10*g. What are the prime factors of g?
2, 7
Suppose 3*y = 3*l + 3 - 18, -y - 2*l - 14 = 0. Let r(m) = -m**2 - 10*m + 5. List the prime factors of r(y).
3, 7
Let g(b) = -4*b**3 - 19*b**2 + 6*b - 1. What are the prime factors of g(-6)?
11, 13
Let r(y) = -y + 4. Let a be r(-5). Suppose -t - a = -2*t. What are the prime factors of t?
3
Suppose 14 = -5*r + 34. Suppose 4*s - 16 = r. Suppose x - 23 = m - 3*m, 0 = -5*m - s*x + 60. What are the prime factors of m?
11
Suppose 0 = -0*l + l + 3, 3*y - 33 = 5*l. Suppose -m - 15 = -y*m. List the prime factors of m.
3
Suppose 4*p - 6 - 10 = 0. Suppose p*d + 7 = -17. List the prime factors of 14/4 + d/12.
3
Suppose 24 = 4*b - 0*b. Let v(u) = -4*u - 6. Let o be v(b). Let z = o - -50. What are the prime factors of z?
2, 5
Let m = 377 + -135. What are the prime factors of m?
2, 11
Let n = 48 + -19. What are the prime factors of n?
29
What are the prime factors of (-32)/(2 + -3) + -1?
31
Let c(a) = -11*a**2 - 22*a - 9. Let t(f) = 5*f**2 + 11*f + 4. Let x(l) = -4*c(l) - 9*t(l). List the prime factors of x(-5).
2, 3, 5
Let p = -5 - -4. Let f be (6 + -1)/(p/(-1)). Suppose 4*c + 9 = 5*c - o, 3*o + f = c. What are the prime factors of c?
11
List the prime factors of 724/20 + (-2)/10.
2, 3
Let h(n) = n**2 + 4*n - 1. Let d be h(-5). Let c = 2 - -5. Let a = d + c. What are the prime factors of a?
11
Let c(a) = -a**2 + 9*a + 7. Let i be c(9). Let o(w) = -i - 4 + w + 4 + w. What are the prime factors of o(8)?
3
Let b = -6 - -3. Let s = b - -1. What are the prime factors of 0 - 9*s/2?
3
Let w = 31 + -26. Suppose -4*o = -8*o, -3*q - w*o = -135. What are the prime factors of q?
3, 5
Let f(a) = a**3 + 5*a**2. Let q be f(-5). What are the prime factors of (q + 7)/(3/6)?
2, 7
Let i = 3 + -7. Let b(w) = 2*w**2 - 2*w - 5. Let q be b(i). Suppose 3*t = q + 1. What are the prime factors of t?
2, 3
Let f(p) = 7*p + 1. Let z be f(1). Suppose 2*o - r - 1 = z, 5*r + 10 = 3*o. List the prime factors of o.
5
Let w be (-4 - -9)/(1/15). What are the prime factors of (0 - w)*(-12)/18?
2, 5
Let l = 141 + -62. List the prime factors of l.
79
Suppose 87 = o - 4*p, -o - 2*o - 3*p = -336. List the prime factors of o.
107
Let j = 362 + -235. List the prime factors of j.
127
Let w(d) = -d**3 - 4*d**3 + 4*d**2 + 20*d**3 - 3*d**2. What are the prime factors of w(1)?
2
Let b(h) = -7 + 3*h - 6*h + 0*h - 2*h. List the prime factors of b(-5).
2, 3
Suppose 4*g - 2 = 6. Suppose 0 = -3*x + 4*x - 4*l + 19, -g = 3*x - l. Let o = 7 - x. What are the prime factors of o?
2, 3
Let g be 1075/(-30) + 2/(-12). What are the prime factors of (-6)/g - (-65)/6?
11
Suppose -4*g - 168 = -7*g. Suppose -3*s - 8 = -g. What are the prime factors of s?
2
Let a(b) = 0*b**3 - 8*b**2 + 8*b + b**3 + 0*b + 4. What are the prime factors of a(7)?
11
Suppose -n - 3*x = -3*n + 95, 0 = 3*x + 3. List the prime factors of n.
2, 23
Let t be 42/(-4)*(-24)/(-9). Suppose -5*o + 2*o + 2*k + 107 = 0, -175 = -5*o + 4*k. Let q = o + t. List the prime factors of q.
11
Let x = -11 - -21. Let y be x/4*-1*2. What are the prim